(q) = -q - 4. Let g be k(-4). Let c(y) = y + 6. Determine c(g).
6
Let p = -83 + 77. Let i(q) = -q**3 - 7*q**2 - 5*q - 4. Calculate i(p).
-10
Let b(s) = -3 - 1210*s - 4*s**2 + 3*s**2 + 1206*s. Let k = 4 + -8. Give b(k).
-3
Let u = -3 + 6. Let z(x) = 49*x**3 + 3*x**2 - 50*x**3 + 1 - 5*x**2 + 6*x**2. Calculate z(u).
10
Suppose -10 - 14 = -3*g. Let m(o) = -o + 8. Give m(g).
0
Let i(h) = -h**2 + 9*h. Let r be i(10). Let j(q) = 2*q. Determine j(r).
-20
Let v be 80/(-14) - 2/7. Let q be ((-14)/(-3))/((-1)/v). Suppose -4*j + q = -2*w - 2*w, -3*j = -12. Let u(r) = r**2 + 3*r + 3. What is u(w)?
3
Let i(t) = -6 + 6 + 8*t**2 - 9*t + t**3 - 2. Calculate i(-9).
-2
Let i(f) = f**3 - 3*f**2 - 2*f + 3. Let x be (-2)/(-14) - 440/(-154). Determine i(x).
-3
Let r(o) = o**3 - 4*o**2 - 6*o - 1. Let q(m) = m**3 - 3*m + 1. Let d be q(2). Suppose 3 = d*g - 12. What is r(g)?
-6
Let h = 16 + -14. Let i(x) = -2*x + 2*x**h - 2*x**2 + 4*x**2 + 1 - x**3. Give i(2).
5
Suppose 8 = -2*n - 0*a - 4*a, -2*n + 20 = -3*a. Suppose -11 = -w + 5*h + 4, -4*w - 9 = 3*h. Let b = n - w. Let o(d) = d - 4. Determine o(b).
0
Let f(a) be the third derivative of -a**5/60 - a**4/6 + 5*a**3/6 + 5*a**2. Determine f(-4).
5
Suppose -h - 1 - 3 = 0. Let v = h - -4. Let l(w) = -w**3 + 4 + v + w**3 - 3*w**2 + w**3 - 4*w. What is l(4)?
4
Let v(h) = -2*h. Suppose q - 2*b - 8 = -3*q, -q - 2*b = -7. Let a be ((-1)/2)/(q/6). Calculate v(a).
2
Let j(t) = -2 - 5*t**2 + t + 1 - t. Let f(c) = 2*c - 5. Let r be f(6). Let p = 8 - r. Determine j(p).
-6
Let z(v) = 2. Let m(p) = -1. Let n(y) = 3*m(y) + z(y). Let l(s) = 2*s - 5. Let q(r) = -l(r) + 2*n(r). Calculate q(5).
-7
Let a(p) be the second derivative of -p**5/20 + 7*p**4/12 + 3*p**3/2 + 5*p**2/2 - 30*p. What is a(8)?
13
Let i(s) be the first derivative of s**4/4 - s**3/3 - s**2/2 - s - 10. Calculate i(0).
-1
Let p(a) be the second derivative of a**3 + 25*a. Let o = -1 - 0. Determine p(o).
-6
Let p(u) be the second derivative of u**3/6 + 2*u**2 - u. Let b = 31 + -36. What is p(b)?
-1
Let f(c) = 2*c**3 + 0*c**3 - 3 - 6*c - 2*c**3 + 4*c**2 + c**3. Let p be 5/(-1)*(-9 + 10). Calculate f(p).
2
Let b(c) = 223 + 225 + 2*c - 455. Determine b(6).
5
Let x(d) = d**2 + 3*d - 4. Suppose -4*w - 31 = -5*k, 4*k - 40 = 5*w - 8. Let u(j) = 3*j**3 + j**2. Let o be u(-1). Let z be (-1 - o)/((-1)/k). Calculate x(z).
-4
Suppose 3*f + 20 = -4*m + 2*m, 3*f + 21 = -3*m. Let h(j) = j**2 + 9*j + 5. Determine h(f).
-13
Let o(p) = 3*p**2 + 2*p + 9. Let m(g) = -10*g**2 - 6*g - 27. Let z(a) = -2*m(a) - 7*o(a). Let b(x) be the first derivative of z(x). Determine b(-3).
4
Let x(v) = v**3 + 2*v**2 - 4*v - 1. Let t be x(-3). Suppose 4*g + 8 = 2*g. Let s be (2/g)/((-1)/t). Let i(o) = -4*o**3 - o**2 + o. What is i(s)?
-4
Let t(i) = -2*i. Let v be t(-2). Let c(z) = -z + 4. Let m(w) = 2 + w + w - w - 5. Let s(a) = 6*c(a) + 5*m(a). Give s(v).
5
Suppose 0 = 2*r - r + 5*z - 12, -5*z + 15 = 0. Let t(w) = -182 - 191 + 558 + 3*w - 2*w**2 - w**3 - 181. Determine t(r).
4
Let v(u) = -2*u - 1. Let h(y) = 8*y + 5. Let i(m) = 2*h(m) + 9*v(m). Let x be 48/(-20) - (-3)/(-5). What is i(x)?
7
Let j(z) = -z - 7. Let o be j(-6). Let y be (0 - o) + -1*4. Let f(s) = -s + 3*s - 5*s**2 - 3*s + 4*s**2. Determine f(y).
-6
Let u(b) = -b**3 - 2*b**2 + 4*b + 9. Let k(z) = z**3 + 3*z**2 - 4*z - 10. Let x(r) = -4*k(r) - 5*u(r). What is x(4)?
11
Let j(r) = 6*r - 1. Suppose 4*l - 7*l + 3 = 0. Let g be j(l). Let b(z) = 2*z + 1. Let v(t) = -5*t - 2. Let d(n) = 7*b(n) + 3*v(n). What is d(g)?
-4
Suppose 0 = -6*o + 9 - 21. Let p(s) = 2*s**2 + 2*s + 2. What is p(o)?
6
Let t(w) = -9*w**2 - 8*w**2 + 14*w**2 + 2*w + 3*w. What is t(4)?
-28
Let h(z) = 2*z + 1 - 9 + 0*z. Calculate h(6).
4
Let t(y) be the third derivative of y**5/60 + 5*y**4/24 + y**3 - y**2. Let a(r) = -r**3 + 8*r**2 - 3*r + 9. Let f be a(8). Let d = 10 + f. What is t(d)?
6
Suppose -3*i = 2*h + h - 18, i = 5*h - 6. Suppose -5*j = -3*q + 5*q + 17, 3*j + 13 = -i*q. Let w(k) = 3*k - 1. What is w(q)?
-4
Let j(n) = -n**2 - 6*n - 3. Suppose 5*f = -i - 16 + 49, -3*f = 4*i - 13. Let d = f - 2. Let h be -5 + 3 + (2 - d). Calculate j(h).
2
Let o(x) be the second derivative of -1/2*x**2 + 0 + 1/20*x**5 + 2*x + 2/3*x**3 + 5/12*x**4. Give o(-4).
-1
Let a(o) = 2*o**3 - o**2 + o. Let k(b) = b**2 - 10 + b**2 + 1 + 8*b. Let w be k(-5). What is a(w)?
2
Suppose 3*h - 2*r - 15 = -2, -h - 3*r = 3. Suppose 6 = -g + 4*g. Let q(a) = a**g + 0*a - 2*a + 0*a**2 - 4. Determine q(h).
-1
Suppose 5*w = 2*b + 22, 2*w + 3*w - 34 = -b. Let u(l) = 0*l - 1 - 2*l + 5*l - w*l. What is u(-1)?
2
Let p = 130 + -136. Let g(t) = t**3 + 6*t**2 + 5*t + 3. Determine g(p).
-27
Let x(h) = -2*h + 2. Let i(p) = -p**2 + p. Let y(c) = -i(c) - x(c). Determine y(-4).
10
Let m(w) = -1 + 9 + 0 + 8 - w. Determine m(11).
5
Let c(f) = f + f + 2 - 4*f. What is c(-2)?
6
Let m(f) = 11*f - 23*f + 9*f - f**2. Determine m(-3).
0
Let i(u) = -4 + u + 0 + 0*u. Let a(s) = s + 5. Let z(g) = -g**3 + g. Let n be z(-1). Let b be a(n). Determine i(b).
1
Let v be 4 - 2 - 0 - 2. Let x(h) be the first derivative of h**2/2 + h - 6. Let g(u) = u**2 + 3*u + 1. Let j(d) = -g(d) + 4*x(d). Calculate j(v).
3
Let i(k) = -k + 1. Let g be (4/2 - -2)/(-1). Let b be i(g). Let u(t) = -t**3 + 6*t**2 - 7*t + 3. Give u(b).
-7
Let t(q) be the third derivative of q**5/60 + q**4/8 + q**3/2 - 3*q**2. Determine t(-3).
3
Let o(s) = 3*s + s**3 - 6 + 7*s**2 + 2 - 2*s**2. Suppose -2*q + 20 = 3*q. Let w be 1/2 + (-18)/q. Give o(w).
0
Suppose t = 3*t - 14. Let h(g) = g**3 - 7*g**2 + 5*g - 9. Let d be h(t). Suppose -4*m = 2*o + 14, 2*m + 2*m = 2*o - d. Let a(i) = 2*i - 3. Give a(o).
3
Suppose 0 = 4*y - q + 21, y - 2*q = -7 - 0. Let t(m) = m**2 + 5*m + 4. Let g be t(y). Let o(s) = 8*s**2 - 4*s**2 - s**3 + 0*s**3. Calculate o(g).
0
Let g(j) = -5*j - 1. Let a = -8 + 10. Calculate g(a).
-11
Let l(z) = -4*z + 4 + 3*z + 3*z - 3*z. Let f = 0 - -3. Determine l(f).
1
Let w(k) = -k**2 - k + 4. Let s be 1/((-6)/(-4) + -1). Let i = -2 + s. Let t be w(i). Let x(a) = -a - 3. What is x(t)?
-7
Suppose -5*n + 5*f = -60, -20 = -n - 0*f + 3*f. Suppose -d = 2*l - 0*d - 4, 2*d - n = -l. Let r(q) = q - 3. Determine r(l).
-3
Let v(u) = -u + 1. Let b(z) = -z + 10. Let m be b(8). Suppose -m*t = -t. Let l = -1 - t. Calculate v(l).
2
Let s(a) = a - a**3 + 22 - 14 - 2*a. What is s(0)?
8
Let m(j) = -j**3 - 2*j**2 - 2. Let p(k) = -3*k**3 - 5*k**2 - 6. Let t(y) = -11*m(y) + 4*p(y). Let x = 49 - 47. Give t(x).
-2
Let w(f) = -3*f**3 + 2*f**2 + 2*f + 1. Let i(o) = -16*o**3 + 10*o**2 + 11*o + 6. Let a(x) = 2*i(x) - 11*w(x). Let t(k) = k + 7. Let q be t(-8). Determine a(q).
-2
Let m(i) = 3*i**2 - 4 + i**2 + 3. Suppose 9*y + 3 = 6*y. Calculate m(y).
3
Let b(v) = 27*v**2 + 4*v + 11. Let w(l) = -13*l**2 - 2*l - 5. Let t(c) = 4*b(c) + 9*w(c). Calculate t(-1).
-8
Let o(j) = j**2 - 3*j - 4. Let i be o(3). Let d(k) = -k**3 - 4*k**2 + k - 1. Calculate d(i).
-5
Suppose 4*d - 4 = 4. Let j(b) = -b**2 - 5*b - 1. Let a(m) = -3*m**2 - 11*m - 3. Let f(n) = d*a(n) - 5*j(n). What is f(3)?
-1
Suppose -97 = -14*i - 13. Let u(k) = k**3 - 6*k**2 + 6. Give u(i).
6
Let i(j) = 58 - 42 - j - 17. Let o(w) = -w**2 + 6*w. Let u be o(5). What is i(u)?
-6
Let p(f) be the second derivative of f**3/3 + 8*f. Give p(3).
6
Let s(t) be the second derivative of t**4/12 - 11*t**2/2 + 9*t. Give s(0).
-11
Let a(s) = -11*s**2 + 16*s - 3. Let v(c) = 7*c**2 - 11*c + 2. Let m(u) = 5*a(u) + 8*v(u). Let l be m(7). Let w(f) = -f**3 - 7*f**2 - 7*f. Give w(l).
6
Let i(c) = 3*c - 3. Let s = -10 - -19. Suppose 4*f - 35 = 4*l - 3, 2*f = -3*l - s. What is i(f)?
6
Let d(w) = w**2 - w + 8. Suppose -2*u + h = -2*h + 8, 10 = -u + 3*h. Suppose -2*s + u = -3*s. Let f = s + 2. Give d(f).
8
Let d(g) = 3*g + 1 + 2*g - 3*g - 7*g**2. Let h(z) = -z**3 - 8*z**2 + z + 7. Let l(w) = -9*w**2 + w. Let c be l(1). Let x be h(c). What is d(x)?
-8
Suppose 0 = 3*n + 8 + 4. Let b(l) = l - 4. Determine b(n).
-8
Let y be (-40)/(-15) - 2/(-6). Suppose -3*a + y*s - 4*s + 4 = 0, 5*s - 8 = -3*a. Let r(l) = -3*l - 2 + a + l. What is r(-2)?
3
Let b(k) be the second derivative of -2*k + 1/30*k**5 + 0 + 0*k**2 - 1/360*k**6 + 1/12*k**4 - 1/3*k**3. Let v(x) be the second derivative of b(x). What is v(5)?
-3
Let x(h) = h**2 - 2*h + 1. Suppose 5*v + 28 = -d, d - 6*d = -3*v. Let t be ((-2)/v)/(2/